{"id":3943,"date":"2024-04-27T10:13:13","date_gmt":"2024-04-27T13:13:13","guid":{"rendered":"https:\/\/maragracciano.com.br\/?post_type=product&#038;p=3943"},"modified":"2024-09-04T10:30:56","modified_gmt":"2024-09-04T13:30:56","slug":"set-2-pratos-colecao-botanica","status":"publish","type":"product","link":"https:\/\/maragracciano.com.br\/?product=set-2-pratos-colecao-botanica","title":{"rendered":"Set 02 Pratos Cole\u00e7\u00e3o Bot\u00e2nica (Amarelo)"},"content":{"rendered":"<p>Pensando em eternizar a flor de Iris que \u00e9 ef\u00eamera, quis trazer o toque primaveril para a Cole\u00e7\u00e3o Bot\u00e2nica. O prato de sobremesa pintado a m\u00e3o com rico detalhe em ouro traduz esse conceito elegante, sofisticado e despojado. O prato amarelo representando luz e calor com folhas em ouro traz essa energia positiva que me motiva.<\/p>\n","protected":false},"excerpt":{"rendered":"<p>Prato raso medindo 28 cm<\/p>\n<p>Prato sobremesa medindo 21 cm.<\/p>\n<p>N\u00e3o utilizar micro-ondas, n\u00e3o utilizar lava-lou\u00e7a.<\/p>\n<p>Lavar com detergente neutro e esponja macia.<\/p>\n<p>&nbsp;<\/p>\n","protected":false},"featured_media":3942,"template":"","meta":[],"product_cat":[206],"product_tag":[],"acf":[],"_links":{"self":[{"href":"https:\/\/maragracciano.com.br\/index.php?rest_route=\/wp\/v2\/product\/3943"}],"collection":[{"href":"https:\/\/maragracciano.com.br\/index.php?rest_route=\/wp\/v2\/product"}],"about":[{"href":"https:\/\/maragracciano.com.br\/index.php?rest_route=\/wp\/v2\/types\/product"}],"wp:featuredmedia":[{"embeddable":true,"href":"https:\/\/maragracciano.com.br\/index.php?rest_route=\/wp\/v2\/media\/3942"}],"wp:attachment":[{"href":"https:\/\/maragracciano.com.br\/index.php?rest_route=%2Fwp%2Fv2%2Fmedia&parent=3943"}],"wp:term":[{"taxonomy":"product_cat","embeddable":true,"href":"https:\/\/maragracciano.com.br\/index.php?rest_route=%2Fwp%2Fv2%2Fproduct_cat&post=3943"},{"taxonomy":"product_tag","embeddable":true,"href":"https:\/\/maragracciano.com.br\/index.php?rest_route=%2Fwp%2Fv2%2Fproduct_tag&post=3943"}],"curies":[{"name":"wp","href":"https:\/\/api.w.org\/{rel}","templated":true}]}}