{"id":3954,"date":"2024-04-27T18:45:16","date_gmt":"2024-04-27T21:45:16","guid":{"rendered":"https:\/\/maragracciano.com.br\/?post_type=product&#038;p=3954"},"modified":"2024-09-04T10:25:38","modified_gmt":"2024-09-04T13:25:38","slug":"set-02-pratos-colecao-botanica","status":"publish","type":"product","link":"https:\/\/maragracciano.com.br\/?product=set-02-pratos-colecao-botanica","title":{"rendered":"Set 02 Pratos Cole\u00e7\u00e3o Bot\u00e2nica"},"content":{"rendered":"<p>Nesta cole\u00e7\u00e3o me inspirei na leveza da flor brinco de princesa por ser s\u00edmbolo de delicadeza e beleza para fazer parte de uma mesa com uma conex\u00e3o com a natureza. O prato de sobremesa pintado a m\u00e3o com ricos detalhes em ouro com predomin\u00e2ncia da cor rosa, reflete a\u00a0 conex\u00e3o com essa flor. O prato raso pintado em tinta na cor rosa escuro e detalhes em folhas em ouro ressalta a sensualidade e a sedu\u00e7\u00e3o dessa flor. Formam a dupla perfeita para uma ocasi\u00e3o especial.<\/p>\n","protected":false},"excerpt":{"rendered":"<p>Prato raso em porcelana 28 cm.<\/p>\n<p>Prato sobremesa 21 cm<\/p>\n<p>N\u00e3o utilizar lava-lou\u00e7a, n\u00e3o utilizar micro-ondas.<\/p>\n<p>Produto deve ser lavado com detergente neutro<\/p>\n","protected":false},"featured_media":3955,"template":"","meta":[],"product_cat":[206],"product_tag":[],"acf":[],"_links":{"self":[{"href":"https:\/\/maragracciano.com.br\/index.php?rest_route=\/wp\/v2\/product\/3954"}],"collection":[{"href":"https:\/\/maragracciano.com.br\/index.php?rest_route=\/wp\/v2\/product"}],"about":[{"href":"https:\/\/maragracciano.com.br\/index.php?rest_route=\/wp\/v2\/types\/product"}],"wp:featuredmedia":[{"embeddable":true,"href":"https:\/\/maragracciano.com.br\/index.php?rest_route=\/wp\/v2\/media\/3955"}],"wp:attachment":[{"href":"https:\/\/maragracciano.com.br\/index.php?rest_route=%2Fwp%2Fv2%2Fmedia&parent=3954"}],"wp:term":[{"taxonomy":"product_cat","embeddable":true,"href":"https:\/\/maragracciano.com.br\/index.php?rest_route=%2Fwp%2Fv2%2Fproduct_cat&post=3954"},{"taxonomy":"product_tag","embeddable":true,"href":"https:\/\/maragracciano.com.br\/index.php?rest_route=%2Fwp%2Fv2%2Fproduct_tag&post=3954"}],"curies":[{"name":"wp","href":"https:\/\/api.w.org\/{rel}","templated":true}]}}