{"id":4276,"date":"2024-05-29T20:15:32","date_gmt":"2024-05-29T23:15:32","guid":{"rendered":"https:\/\/maragracciano.com.br\/?post_type=product&#038;p=4276"},"modified":"2024-09-04T10:50:29","modified_gmt":"2024-09-04T13:50:29","slug":"porta-guardanapos-em-croche-rosa","status":"publish","type":"product","link":"https:\/\/maragracciano.com.br\/?product=porta-guardanapos-em-croche-rosa","title":{"rendered":"Set 04 Porta Guardanapos em Croch\u00ea Rosa"},"content":{"rendered":"<p><img loading=\"lazy\" decoding=\"async\" class=\"alignnone size-full wp-image-4277\" src=\"https:\/\/maragracciano.com.br\/wp-content\/uploads\/2024\/05\/WhatsApp-Image-2024-05-29-at-8.11.17-PM.jpeg\" alt=\"\" width=\"960\" height=\"1280\" \/><\/p>\n","protected":false},"excerpt":{"rendered":"<p>Produto feito a m\u00e3o em cord\u00e3o de seda com argola em a\u00e7o dourada.<\/p>\n<p>Lavar com sab\u00e3o neutro.<\/p>\n","protected":false},"featured_media":4277,"template":"","meta":[],"product_cat":[207],"product_tag":[],"acf":[],"_links":{"self":[{"href":"https:\/\/maragracciano.com.br\/index.php?rest_route=\/wp\/v2\/product\/4276"}],"collection":[{"href":"https:\/\/maragracciano.com.br\/index.php?rest_route=\/wp\/v2\/product"}],"about":[{"href":"https:\/\/maragracciano.com.br\/index.php?rest_route=\/wp\/v2\/types\/product"}],"wp:featuredmedia":[{"embeddable":true,"href":"https:\/\/maragracciano.com.br\/index.php?rest_route=\/wp\/v2\/media\/4277"}],"wp:attachment":[{"href":"https:\/\/maragracciano.com.br\/index.php?rest_route=%2Fwp%2Fv2%2Fmedia&parent=4276"}],"wp:term":[{"taxonomy":"product_cat","embeddable":true,"href":"https:\/\/maragracciano.com.br\/index.php?rest_route=%2Fwp%2Fv2%2Fproduct_cat&post=4276"},{"taxonomy":"product_tag","embeddable":true,"href":"https:\/\/maragracciano.com.br\/index.php?rest_route=%2Fwp%2Fv2%2Fproduct_tag&post=4276"}],"curies":[{"name":"wp","href":"https:\/\/api.w.org\/{rel}","templated":true}]}}