{"id":4282,"date":"2024-05-30T20:58:19","date_gmt":"2024-05-30T23:58:19","guid":{"rendered":"https:\/\/maragracciano.com.br\/?post_type=product&#038;p=4282"},"modified":"2025-01-11T10:20:05","modified_gmt":"2025-01-11T13:20:05","slug":"set-06-tacas-champagne-rosa","status":"publish","type":"product","link":"https:\/\/maragracciano.com.br\/?product=set-06-tacas-champagne-rosa","title":{"rendered":"Ta\u00e7a Cristal  Champagne Rosa"},"content":{"rendered":"<p><img loading=\"lazy\" decoding=\"async\" class=\"alignnone size-medium wp-image-4540\" src=\"https:\/\/maragracciano.com.br\/wp-content\/uploads\/2024\/05\/WhatsApp-Image-2024-12-22-at-8.57.34-AM-126x300.jpeg\" alt=\"\" width=\"126\" height=\"300\" srcset=\"https:\/\/maragracciano.com.br\/wp-content\/uploads\/2024\/05\/WhatsApp-Image-2024-12-22-at-8.57.34-AM-126x300.jpeg 126w, https:\/\/maragracciano.com.br\/wp-content\/uploads\/2024\/05\/WhatsApp-Image-2024-12-22-at-8.57.34-AM-430x1024.jpeg 430w, https:\/\/maragracciano.com.br\/wp-content\/uploads\/2024\/05\/WhatsApp-Image-2024-12-22-at-8.57.34-AM-336x800.jpeg 336w, https:\/\/maragracciano.com.br\/wp-content\/uploads\/2024\/05\/WhatsApp-Image-2024-12-22-at-8.57.34-AM-420x1000.jpeg 420w, https:\/\/maragracciano.com.br\/wp-content\/uploads\/2024\/05\/WhatsApp-Image-2024-12-22-at-8.57.34-AM.jpeg 538w\" sizes=\"(max-width: 126px) 100vw, 126px\" \/><\/p>\n","protected":false},"excerpt":{"rendered":"<p>Ta\u00e7as em Cristal pintadas a m\u00e3o na cor rosa com borda em ouro.<\/p>\n<p>A colora\u00e7\u00e3o das ta\u00e7as variam devido a queima do forno em alta temperatura.<\/p>\n<p>N\u00e3o utilizar micro-ondas.<\/p>\n<p>N\u00e3o utilizar lava-lou\u00e7a.<\/p>\n<p>utilizar detergente neutro e esponja macia.<\/p>\n","protected":false},"featured_media":4540,"template":"","meta":[],"product_cat":[15],"product_tag":[],"acf":[],"_links":{"self":[{"href":"https:\/\/maragracciano.com.br\/index.php?rest_route=\/wp\/v2\/product\/4282"}],"collection":[{"href":"https:\/\/maragracciano.com.br\/index.php?rest_route=\/wp\/v2\/product"}],"about":[{"href":"https:\/\/maragracciano.com.br\/index.php?rest_route=\/wp\/v2\/types\/product"}],"wp:featuredmedia":[{"embeddable":true,"href":"https:\/\/maragracciano.com.br\/index.php?rest_route=\/wp\/v2\/media\/4540"}],"wp:attachment":[{"href":"https:\/\/maragracciano.com.br\/index.php?rest_route=%2Fwp%2Fv2%2Fmedia&parent=4282"}],"wp:term":[{"taxonomy":"product_cat","embeddable":true,"href":"https:\/\/maragracciano.com.br\/index.php?rest_route=%2Fwp%2Fv2%2Fproduct_cat&post=4282"},{"taxonomy":"product_tag","embeddable":true,"href":"https:\/\/maragracciano.com.br\/index.php?rest_route=%2Fwp%2Fv2%2Fproduct_tag&post=4282"}],"curies":[{"name":"wp","href":"https:\/\/api.w.org\/{rel}","templated":true}]}}