{"id":4572,"date":"2024-12-26T10:57:18","date_gmt":"2024-12-26T13:57:18","guid":{"rendered":"https:\/\/maragracciano.com.br\/?post_type=product&#038;p=4572"},"modified":"2025-01-11T10:24:24","modified_gmt":"2025-01-11T13:24:24","slug":"bule-cafe-colecao-margot","status":"publish","type":"product","link":"https:\/\/maragracciano.com.br\/?product=bule-cafe-colecao-margot","title":{"rendered":"Bule Caf\u00e9 Cole\u00e7\u00e3o Margot"},"content":{"rendered":"<p><img loading=\"lazy\" decoding=\"async\" class=\"alignnone size-medium wp-image-4573\" src=\"https:\/\/maragracciano.com.br\/wp-content\/uploads\/2024\/12\/WhatsApp-Image-2024-12-26-at-9.12.24-AM-248x300.jpeg\" alt=\"\" width=\"248\" height=\"300\" srcset=\"https:\/\/maragracciano.com.br\/wp-content\/uploads\/2024\/12\/WhatsApp-Image-2024-12-26-at-9.12.24-AM-248x300.jpeg 248w, https:\/\/maragracciano.com.br\/wp-content\/uploads\/2024\/12\/WhatsApp-Image-2024-12-26-at-9.12.24-AM-846x1024.jpeg 846w, https:\/\/maragracciano.com.br\/wp-content\/uploads\/2024\/12\/WhatsApp-Image-2024-12-26-at-9.12.24-AM-768x930.jpeg 768w, https:\/\/maragracciano.com.br\/wp-content\/uploads\/2024\/12\/WhatsApp-Image-2024-12-26-at-9.12.24-AM-661x800.jpeg 661w, https:\/\/maragracciano.com.br\/wp-content\/uploads\/2024\/12\/WhatsApp-Image-2024-12-26-at-9.12.24-AM-826x1000.jpeg 826w, https:\/\/maragracciano.com.br\/wp-content\/uploads\/2024\/12\/WhatsApp-Image-2024-12-26-at-9.12.24-AM-1000x1211.jpeg 1000w, https:\/\/maragracciano.com.br\/wp-content\/uploads\/2024\/12\/WhatsApp-Image-2024-12-26-at-9.12.24-AM.jpeg 1057w\" sizes=\"(max-width: 248px) 100vw, 248px\" \/><\/p>\n","protected":false},"excerpt":{"rendered":"<p>Bule em porcelana limoges com flores azuis e ricos detalhes em ouro.<\/p>\n<p>Medidas &#8211; 15,5 cm de largura, 18,5cm de altura e 22 cm de comprimento.<\/p>\n<p>N\u00e3o utilizar micro-ondas.<\/p>\n<p>N\u00e3o utilizar lava-louca.<\/p>\n<p>Utilizar detegente neutro e esponja macia.<\/p>\n","protected":false},"featured_media":4573,"template":"","meta":[],"product_cat":[209],"product_tag":[],"acf":[],"_links":{"self":[{"href":"https:\/\/maragracciano.com.br\/index.php?rest_route=\/wp\/v2\/product\/4572"}],"collection":[{"href":"https:\/\/maragracciano.com.br\/index.php?rest_route=\/wp\/v2\/product"}],"about":[{"href":"https:\/\/maragracciano.com.br\/index.php?rest_route=\/wp\/v2\/types\/product"}],"wp:featuredmedia":[{"embeddable":true,"href":"https:\/\/maragracciano.com.br\/index.php?rest_route=\/wp\/v2\/media\/4573"}],"wp:attachment":[{"href":"https:\/\/maragracciano.com.br\/index.php?rest_route=%2Fwp%2Fv2%2Fmedia&parent=4572"}],"wp:term":[{"taxonomy":"product_cat","embeddable":true,"href":"https:\/\/maragracciano.com.br\/index.php?rest_route=%2Fwp%2Fv2%2Fproduct_cat&post=4572"},{"taxonomy":"product_tag","embeddable":true,"href":"https:\/\/maragracciano.com.br\/index.php?rest_route=%2Fwp%2Fv2%2Fproduct_tag&post=4572"}],"curies":[{"name":"wp","href":"https:\/\/api.w.org\/{rel}","templated":true}]}}