{"id":4697,"date":"2026-01-14T14:45:41","date_gmt":"2026-01-14T17:45:41","guid":{"rendered":"https:\/\/maragracciano.com.br\/?post_type=product&#038;p=4697"},"modified":"2026-01-14T15:39:11","modified_gmt":"2026-01-14T18:39:11","slug":"bule-madeleine-azul","status":"publish","type":"product","link":"https:\/\/maragracciano.com.br\/?product=bule-madeleine-azul","title":{"rendered":"Bule Madeleine Azul"},"content":{"rendered":"<p><img loading=\"lazy\" decoding=\"async\" class=\"alignnone size-medium wp-image-4698\" src=\"https:\/\/maragracciano.com.br\/wp-content\/uploads\/2026\/01\/WhatsApp-Image-2026-01-14-at-12.16.08-PM-225x300.jpeg\" alt=\"\" width=\"225\" height=\"300\" srcset=\"https:\/\/maragracciano.com.br\/wp-content\/uploads\/2026\/01\/WhatsApp-Image-2026-01-14-at-12.16.08-PM-225x300.jpeg 225w, https:\/\/maragracciano.com.br\/wp-content\/uploads\/2026\/01\/WhatsApp-Image-2026-01-14-at-12.16.08-PM-768x1024.jpeg 768w, https:\/\/maragracciano.com.br\/wp-content\/uploads\/2026\/01\/WhatsApp-Image-2026-01-14-at-12.16.08-PM-600x800.jpeg 600w, https:\/\/maragracciano.com.br\/wp-content\/uploads\/2026\/01\/WhatsApp-Image-2026-01-14-at-12.16.08-PM-750x1000.jpeg 750w, https:\/\/maragracciano.com.br\/wp-content\/uploads\/2026\/01\/WhatsApp-Image-2026-01-14-at-12.16.08-PM.jpeg 960w\" sizes=\"(max-width: 225px) 100vw, 225px\" \/><img loading=\"lazy\" decoding=\"async\" class=\"alignnone size-medium wp-image-4699\" src=\"https:\/\/maragracciano.com.br\/wp-content\/uploads\/2026\/01\/WhatsApp-Image-2026-01-14-at-2.41.36-PM-225x300.jpeg\" alt=\"\" width=\"225\" height=\"300\" srcset=\"https:\/\/maragracciano.com.br\/wp-content\/uploads\/2026\/01\/WhatsApp-Image-2026-01-14-at-2.41.36-PM-225x300.jpeg 225w, https:\/\/maragracciano.com.br\/wp-content\/uploads\/2026\/01\/WhatsApp-Image-2026-01-14-at-2.41.36-PM-768x1024.jpeg 768w, https:\/\/maragracciano.com.br\/wp-content\/uploads\/2026\/01\/WhatsApp-Image-2026-01-14-at-2.41.36-PM-600x800.jpeg 600w, https:\/\/maragracciano.com.br\/wp-content\/uploads\/2026\/01\/WhatsApp-Image-2026-01-14-at-2.41.36-PM-750x1000.jpeg 750w, https:\/\/maragracciano.com.br\/wp-content\/uploads\/2026\/01\/WhatsApp-Image-2026-01-14-at-2.41.36-PM.jpeg 960w\" sizes=\"(max-width: 225px) 100vw, 225px\" \/><\/p>\n","protected":false},"excerpt":{"rendered":"<p>A Chaleira Madeleine \u00e9 um convite ao ritual.<\/p>\n<p>Confeccionada em vidro colorido, recebe pintura manual delicada e aplica\u00e7\u00e3o de ouro, revelando flores que parecem flutuar sobre o azul profundo do corpo da pe\u00e7a. Cada detalhe \u00e9 pensado com inten\u00e7\u00e3o: a transpar\u00eancia do vidro, o brilho sutil do ouro e as nuances \u00fanicas que s\u00f3 o trabalho artesanal pode oferecer.<\/p>\n<p>Mais do que uma chaleira, Madeleine \u00e9 uma pe\u00e7a art\u00edstica funcional \u2014 criada para transformar o ato de servir ch\u00e1 em um momento de contempla\u00e7\u00e3o, pausa e beleza.<\/p>\n<p>Nenhuma pe\u00e7a \u00e9 exatamente igual \u00e0 outra. Cada uma carrega o tempo do gesto, a m\u00e3o da artista e o cuidado que define o feito \u00e0 m\u00e3o.<\/p>\n<p>Resistente ao calor.<\/p>\n<p>Capacidade &#8211; 400ml<\/p>\n<p>N\u00e3o utilizar lava-lou\u00e7a, n\u00e3o\u00a0 utilizar micro-ondas.<\/p>\n<p>Utilizar esponja macia.<\/p>\n","protected":false},"featured_media":4698,"template":"","meta":[],"product_cat":[218],"product_tag":[],"acf":[],"_links":{"self":[{"href":"https:\/\/maragracciano.com.br\/index.php?rest_route=\/wp\/v2\/product\/4697"}],"collection":[{"href":"https:\/\/maragracciano.com.br\/index.php?rest_route=\/wp\/v2\/product"}],"about":[{"href":"https:\/\/maragracciano.com.br\/index.php?rest_route=\/wp\/v2\/types\/product"}],"wp:featuredmedia":[{"embeddable":true,"href":"https:\/\/maragracciano.com.br\/index.php?rest_route=\/wp\/v2\/media\/4698"}],"wp:attachment":[{"href":"https:\/\/maragracciano.com.br\/index.php?rest_route=%2Fwp%2Fv2%2Fmedia&parent=4697"}],"wp:term":[{"taxonomy":"product_cat","embeddable":true,"href":"https:\/\/maragracciano.com.br\/index.php?rest_route=%2Fwp%2Fv2%2Fproduct_cat&post=4697"},{"taxonomy":"product_tag","embeddable":true,"href":"https:\/\/maragracciano.com.br\/index.php?rest_route=%2Fwp%2Fv2%2Fproduct_tag&post=4697"}],"curies":[{"name":"wp","href":"https:\/\/api.w.org\/{rel}","templated":true}]}}